{"id":5,"date":"2023-05-06T18:59:06","date_gmt":"2023-05-06T18:59:06","guid":{"rendered":"https:\/\/meilleurshashtags.fr\/?page_id=5"},"modified":"2023-05-10T18:43:12","modified_gmt":"2023-05-10T18:43:12","slug":"5-2","status":"publish","type":"page","link":"https:\/\/meilleurshashtags.fr\/","title":{"rendered":"Meilleurs hashtags"},"content":{"rendered":"\n<div class=\"wp-block-uagb-container uagb-block-a4541e3d alignfull uagb-is-root-container\"><div class=\"uagb-container-inner-blocks-wrap\">\n<h2 class=\"wp-block-heading has-text-color\" style=\"color:#5bbab5;margin-top:var(--wp--preset--spacing--60);margin-right:0;margin-bottom:0;margin-left:0\"><strong><strong>Meilleurs hashtags Instagram en 2023 : Comment les utiliser pour augmenter votre nombre d&#8217;abonn\u00e9s<\/strong><\/strong><\/h2>\n\n\n\n<p style=\"margin-top:0;margin-right:0;margin-bottom:var(--wp--preset--spacing--60);margin-left:0\">Les hashtags Instagram peuvent \u00eatre \u00e9crasants. Nous entendons surtout cela de la part des personnes qui veulent utiliser Instagram comme outil de marketing ou pour mon\u00e9tiser leur cr\u00e9ativit\u00e9. Heureusement, avec un peu de savoir-faire et les bons outils, il est vraiment \u00e0 la port\u00e9e de tous d&#8217;atteindre de grands objectifs sur la plateforme et de b\u00e9n\u00e9ficier de la publication l\u00e0-bas. Aujourd&#8217;hui, nous discuterons en d\u00e9tail du r\u00f4le des hashtags Instagram pertinents &#8211; car en ce qui concerne la croissance de votre profil, vous DEVEZ comprendre \u00e0 quel point ils sont importants pour votre succ\u00e8s.<br><br>Comme vous le savez probablement d\u00e9j\u00e0, Instagram est devenu l&#8217;une des plateformes de m\u00e9dias sociaux les plus populaires ces derni\u00e8res ann\u00e9es, avec plus de deux milliards d&#8217;utilisateurs actifs par mois. Initialement con\u00e7ue pour le partage de photos carr\u00e9es, l&#8217;application est rapidement devenue un hub pour les cr\u00e9ateurs de contenu, les influenceurs et les propri\u00e9taires de marques pour pr\u00e9senter leur cr\u00e9ativit\u00e9, cr\u00e9er une sortie pour leurs pens\u00e9es, atteindre un public plus large et rassembler des personnes partageant les m\u00eames id\u00e9es. Alors qu&#8217;Instagram \u00e9tait principalement une plateforme pour partager des souvenirs avec des amis et du divertissement, ces jours sont r\u00e9volus : maintenant, c&#8217;est un outil de marketing puissant pour se connecter avec des personnes du monde entier et est \u00e9galement devenu une source de revenus majeure pour de nombreux cr\u00e9ateurs.<br><br>Vous souhaitez apprendre comment devenir l&#8217;un d&#8217;entre eux et d\u00e9velopper votre profil Instagram de mani\u00e8re strat\u00e9gique ? Eh bien, vous avez de la chance, car dans ce guide, nous nous concentrerons sur tout ce que vous devez savoir sur les hashtags Instagram pour augmenter votre suivi, d\u00e9velopper votre tribu fid\u00e8le et rendre le processus sans stress. Plongeons dedans !<\/p>\n<\/div><\/div>\n\n\n\n<div class=\"wp-block-uagb-container uagb-block-a9957d50 alignfull uagb-is-root-container\"><div class=\"uagb-container-inner-blocks-wrap\">\n<div class=\"wp-block-uagb-call-to-action uagb-block-be7bafd5 wp-block-button\"><div class=\"uagb-cta__wrap\"><h3 class=\"uagb-cta__title\">V\u00e9rifier quels sont les hashtags interdits<\/h3><\/div><div class=\"uagb-cta__buttons\"><a href=\"https:\/\/iqhashtags.com\/\" class=\"uagb-cta__button-link-wrapper wp-block-button__link\" target=\"_self\" rel=\"noopener noreferrer\">Aller \u00e0 l&#8217;application<\/a><\/div><\/div>\n<\/div><\/div>\n\n\n\n<div class=\"wp-block-uagb-container uagb-block-be711d29 alignfull uagb-is-root-container\"><div class=\"uagb-container-inner-blocks-wrap\">\n<h2 class=\"wp-block-heading has-text-color\" style=\"color:#5bbab5;margin-top:var(--wp--preset--spacing--60);margin-right:0;margin-bottom:0;margin-left:0\"><strong><strong><strong>Qu&#8217;est-ce que les hashtags Instagram ?<\/strong><\/strong><\/strong><\/h2>\n\n\n\n<p class=\"has-text-color\" style=\"color:#eaeaea;margin-top:0;margin-right:0;margin-bottom:var(--wp--preset--spacing--60);margin-left:0\">Alors, attendez, qu&#8217;est-ce que les hashtags Instagram exactement ?<br><br>Un hashtag est une combinaison de lettres (parfois avec des chiffres ou des emojis) pr\u00e9c\u00e9d\u00e9e du symbole # (par exemple, #LesHashtagsSontImportants). Ce sont des mots et des phrases sp\u00e9cifiques que les utilisateurs d&#8217;Instagram utilisent pour trouver le contenu qu&#8217;ils recherchent. Ils permettent de trouver du contenu pertinent lors de l&#8217;utilisation d&#8217;un moteur de recherche Instagram. Ainsi, les hashtags rendent votre contenu consultable et beaucoup plus d\u00e9couvrable !<br><br>Chaque hashtag est cliquable, ce qui signifie que les utilisateurs qui cliquent sur un hashtag ou recherchent un hashtag verront une page d&#8217;exploration d\u00e9di\u00e9e montrant d&#8217;autres publications et Reels \u00e9tiquet\u00e9s avec ce hashtag.<br><br>Par exemple, lorsque vous utilisez le hashtag #inspirationrobedemari\u00e9e dans l&#8217;une de vos publications, lorsque quelqu&#8217;un clique sur ce hashtag, il d\u00e9couvrira une page d&#8217;exploration enti\u00e8re avec des publications similaires \u00e0 la v\u00f4tre. Cela fonctionne dans les deux sens, bien s\u00fbr, et c&#8217;est pourquoi l&#8217;utilisation de hashtags stimule la visibilit\u00e9 et est consid\u00e9r\u00e9e comme le moyen le plus efficace d&#8217;atteindre de nouveaux publics.<br><br>Les hashtags sont \u00e9galement un moyen efficace d&#8217;organiser le contenu que nous publions. Ils aident les algorithmes d&#8217;Instagram \u00e0 comprendre vos publications r\u00e9guli\u00e8res, vos carrousels ou vos Reels et \u00e0 les associer \u00e0 vos followers potentiels &#8211; des personnes int\u00e9ress\u00e9es par votre contenu.<\/p>\n<\/div><\/div>\n\n\n\n<div class=\"wp-block-uagb-container uagb-block-cba47188 alignfull uagb-is-root-container\"><div class=\"uagb-container-inner-blocks-wrap\">\n<h2 class=\"wp-block-heading has-text-color\" style=\"color:#5bbab5;margin-top:var(--wp--preset--spacing--60);margin-right:0;margin-bottom:0;margin-left:0\"><strong><strong><strong>Pourquoi devrions-nous utiliser des hashtags ?<\/strong><\/strong><\/strong><\/h2>\n\n\n\n<p style=\"margin-top:0;margin-right:0;margin-bottom:0;margin-left:0\">Instagram est la plateforme de m\u00e9dias sociaux la plus ax\u00e9e sur les hashtags. Le secret pour attirer votre public cible et d\u00e9velopper votre tribu est d&#8217;utiliser les hashtags les plus pertinents et appropri\u00e9s. Il est \u00e9galement important de se rappeler que les algorithmes d&#8217;Instagram jouent un r\u00f4le significatif dans notre succ\u00e8s sur la plateforme, et en utilisant les meilleurs hashtags, nous les aidons \u00e0 cat\u00e9goriser nos publications afin que la plateforme puisse les distribuer plus facilement.<br><br>Pourquoi devriez-vous inclure des hashtags dans chaque publication Instagram ?<\/p>\n\n\n\n<ul class=\"wp-block-list\" style=\"margin-top:0;margin-right:0;margin-bottom:0;margin-left:0\">\n<li>Les hashtags fonctionnent comme une biblioth\u00e8que de toutes les publications Instagram. Ils rendent vos publications et Reels d\u00e9couvrables, ce qui signifie que votre public cible peut facilement trouver ce qu&#8217;il cherche.<\/li>\n\n\n\n<li>Les hashtags Instagram vous aident \u00e0 construire votre communaut\u00e9 engag\u00e9e car vous \u00eates plus susceptible d&#8217;attirer des personnes partageant les m\u00eames int\u00e9r\u00eats, qui sont r\u00e9ellement int\u00e9ress\u00e9es par votre cr\u00e9neau, et elles sont plus susceptibles de devenir des membres fid\u00e8les de votre tribu.<\/li>\n\n\n\n<li>De nombreuses personnes d\u00e9cident de suivre leurs hashtags pr\u00e9f\u00e9r\u00e9s, ce qui vous donne une fantastique opportunit\u00e9 d&#8217;appara\u00eetre dans leur flux avec votre contenu hashtagu\u00e9, m\u00eame s&#8217;ils ne vous suivent pas encore.<\/li>\n\n\n\n<li>Lorsque vous publiez un hashtag dans votre l\u00e9gende, votre contenu appara\u00eetra sur la page d&#8217;exploration pour ce hashtag. Vous pouvez obtenir une visibilit\u00e9 suppl\u00e9mentaire si votre publication atteint le Top 9 pour un hashtag donn\u00e9. Comme vous le savez d\u00e9j\u00e0, chaque hashtag a sa propre page d&#8217;exploration. Les pages de hashtag pr\u00e9sentent les 9 meilleures publications accompagn\u00e9es de ce hashtag (elles pr\u00e9sentent \u00e9galement les publications et les Reels Instagram les plus r\u00e9cents).<\/li>\n\n\n\n<li>Les hashtags sont un moyen astucieux de faire comprendre aux algorithmes d&#8217;Instagram de quoi parle votre contenu. Ils pr\u00e9cisent \u00e9galement pour qui la publication est pertinente et qui devrait la voir.<\/li>\n<\/ul>\n\n\n\n<p><\/p>\n<\/div><\/div>\n\n\n\n<div class=\"wp-block-uagb-container uagb-block-0e7e4203 alignfull uagb-is-root-container\"><div class=\"uagb-container-inner-blocks-wrap\">\n<h2 class=\"wp-block-heading has-text-color\" style=\"color:#5bbab5;margin-top:var(--wp--preset--spacing--60);margin-right:0;margin-bottom:0;margin-left:0\"><strong><strong><strong>Comment choisir les meilleurs hashtags pour vos publications Instagram?<\/strong><\/strong><\/strong><\/h2>\n\n\n\n<p class=\"has-text-color\" style=\"color:#eaeaea;margin-top:0;margin-right:0;margin-bottom:0;margin-left:0\">L&#8217;utilisation de hashtags Instagram peut \u00eatre l&#8217;un des moyens les plus efficaces pour que votre profil atteigne un nouveau public de mani\u00e8re organique. Cependant, pour utiliser les hashtags de mani\u00e8re intelligente et les faire fonctionner pour vous (et votre visibilit\u00e9 sur la plateforme !), vous devez comprendre comment ils fonctionnent et r\u00e9fl\u00e9chir \u00e0 votre strat\u00e9gie de hashtag.<br><br>Commen\u00e7ons par les tactiques les plus pratiques que vous pouvez mettre en \u0153uvre dans votre strat\u00e9gie de hashtag d\u00e8s maintenant.<\/p>\n\n\n\n<ol class=\"has-ast-global-color-6-color has-text-color wp-block-list\" style=\"margin-top:0;margin-right:0;margin-bottom:0;margin-left:0\">\n<li>Recherchez les hashtags tendances avant de publier. Cette recherche vous aidera \u00e0 comprendre ce que les gens recherchent actuellement et le contenu qu&#8217;ils consomment le plus en ce moment. Par exemple, le volume de recherche pour les meilleurs hashtags associ\u00e9s \u00e0 No\u00ebl explose autour du 1er d\u00e9cembre, et cette tendance diminue d&#8217;ici la derni\u00e8re semaine de d\u00e9cembre. Laissez-moi vous dire &#8211; lors de la recherche de hashtags tendances, vous pouvez d\u00e9couvrir de nombreuses tendances passionnantes qui vous aideront \u00e0 mieux comprendre la communaut\u00e9 d&#8217;Instagram. Une fa\u00e7on intelligente d&#8217;effectuer une recherche de hashtags tendances est d&#8217;utiliser un outil comme IQ Hashtags qui vous permet de taper un mot cl\u00e9 li\u00e9 \u00e0 votre cr\u00e9neau et qui vous montrera les meilleurs hashtags li\u00e9s \u00e0 vos besoins. C&#8217;est une excellente fa\u00e7on de d\u00e9couvrir les hashtags tendances pour vos publications et de d\u00e9couvrir des tendances qui acc\u00e9l\u00e9reront votre croissance organique.<br><br><\/li>\n\n\n\n<li>Utilisez des hashtags bas\u00e9s sur la localisation. Ils sont un moyen ph\u00e9nom\u00e9nal pour \u00eatre d\u00e9couvert par de nouveaux abonn\u00e9s potentiels, car ils sont ciblables et hautement consultables. Avantage suppl\u00e9mentaire ? De cette fa\u00e7on, vous pouvez augmenter votre visibilit\u00e9 locale et vous connecter avec la communaut\u00e9 locale.<br><br><\/li>\n\n\n\n<li>Analysez quel volume de recherche de hashtag convient le mieux \u00e0 la taille de votre profil. Plus un hashtag est g\u00e9n\u00e9ral, plus il est comp\u00e9titif pour atteindre les dix premi\u00e8res publications et rester dans la section des publications les plus r\u00e9centes. Id\u00e9alement, vous voulez utiliser des hashtags qui se rapportent \u00e0 votre publication et au type de personnes que vous voulez attirer &#8211; et ceux avec lesquels vous avez une chance d&#8217;atteindre la section des meilleures publications, bien s\u00fbr. Comment distinguer le volume de recherche optimal pour vous en ce moment ? Commencez par analyser les performances de vos hashtags avec la fonction de suivi des hashtags de l&#8217;outil IQ Hashtags pour savoir quels hashtags vous donnent une exposition plus \u00e9lev\u00e9e et quelle taille de hashtag fonctionne le mieux pour vous.<br><br><\/li>\n\n\n\n<li>D\u00e9couvrez quels hashtags votre public cible utilise. Plus vous utilisez de bons hashtags, plus vous avez de chances d&#8217;\u00eatre d\u00e9couvert par votre public cible. De nombreux hashtags populaires fonctionnent pour diff\u00e9rents cr\u00e9neaux, mais d&#8217;abord, vous devez d\u00e9couvrir quels hashtags fonctionnent pour VOTRE cr\u00e9neau et lesquels vous aideront \u00e0 attirer des personnes partageant les m\u00eames int\u00e9r\u00eats et votre public cible. Pensez comme votre futur abonn\u00e9 &#8211; quels mots cl\u00e9s (hashtags) taperait-il pour trouver du contenu int\u00e9ressant pour lui ? Gardez cette approche \u00e0 l&#8217;esprit lors de la recherche de nouveaux hashtags &#8211; cela vous aidera \u00e0 vous mettre \u00e0 la place de votre public cible pour identifier les meilleures opportunit\u00e9s ou les \u00e9ventuels obstacles \u00e0 venir. N&#8217;oubliez pas, pensez comme votre futur abonn\u00e9 et incluez des mots et des choses qui lui importent.<br><\/li>\n<\/ol>\n\n\n\n<p><\/p>\n<\/div><\/div>\n\n\n\n<div class=\"wp-block-uagb-container uagb-block-87e07ece alignfull uagb-is-root-container\"><div class=\"uagb-container-inner-blocks-wrap\">\n<h2 class=\"wp-block-heading has-text-color\" style=\"color:#5bbab5;margin-top:var(--wp--preset--spacing--60);margin-right:0;margin-bottom:0;margin-left:0\"><strong><strong><strong><strong>Les hashtags Instagram les plus populaires et tendances<\/strong><\/strong><\/strong><\/strong><\/h2>\n\n\n\n<p style=\"margin-top:0;margin-right:0;margin-bottom:0;margin-left:0\">La recherche de hashtags strat\u00e9giques et la fid\u00e9lisation aux meilleurs hashtags les plus pertinents pour votre cr\u00e9neau sont la cl\u00e9 de la croissance. Cependant, de temps en temps, il ne fera pas de mal d&#8217;utiliser les hashtags les plus populaires et les plus tendances qui sont g\u00e9n\u00e9raux et fr\u00e9quent\u00e9s, mais qui peuvent parfois vous donner des vues ou des likes suppl\u00e9mentaires. \u00cates-vous curieux de savoir quels hashtags figurent sur cette liste en ce moment ?<br><br>#love #instagood #photography #photooftheday #instagram #art #nature #fashion #picoftheday #beautiful #travel #fitness #happy #likeforlikes #follow #style #photo #beauty #instadaily #followforfollowback #makeup #lifestyle #cute #summer #smile #girl #motivation #followme #model #life #instalike #like #design #food #me #tbt #music #sunset #dogsofinstagram #travelphotography #gym #naturephotography #family #artists #friends #handmade #dog #photographer #selfie #workout #fun #bhfyp #explore #interiordesign<br><br>Rappelez-vous de ne pas les utiliser trop souvent, car ils sont vraiment g\u00e9n\u00e9raux et n&#8217;attireront pas votre public cible et vos abonn\u00e9s les plus pr\u00e9cieux et engag\u00e9s. Cependant, si vous en ajoutez occasionnellement un, vous n&#8217;avez rien \u00e0 craindre. Gardez simplement \u00e0 l&#8217;esprit que les hashtags bien cibl\u00e9s que vous trouvez lors de la recherche de hashtags sp\u00e9cifiques valent leur pesant d&#8217;or &#8211; et les hashtags les plus populaires et encombr\u00e9s, au contraire, ne le sont pas.<\/p>\n\n\n\n<p><\/p>\n<\/div><\/div>\n\n\n\n<div class=\"wp-block-uagb-container uagb-block-23b7ac3e alignfull uagb-is-root-container\"><div class=\"uagb-container-inner-blocks-wrap\">\n<h2 class=\"wp-block-heading has-text-color\" style=\"color:#5bbab5;margin-top:var(--wp--preset--spacing--60);margin-right:0;margin-bottom:0;margin-left:0\"><strong><strong><strong><strong>FAQ sur les hashtags Instagram<\/strong><\/strong><\/strong><\/strong><\/h2>\n\n\n\n<p class=\"has-text-color\" style=\"color:#eaeaea;margin-top:0;margin-right:0;margin-bottom:0;margin-left:0\">Nous avons cr\u00e9\u00e9 une FAQ qui r\u00e9sume toutes les questions les plus fr\u00e9quentes que nous recevons sur les hashtags Instagram &#8211; car, comme le dit le vieil adage, &#8220;Poser des questions est le premier moyen de commencer le changement&#8221;. Nous aimons les questions si vous nous en posez !<\/p>\n\n\n\n<p class=\"has-text-color\" style=\"color:#eaeaea\"><em><strong><strong><em>Combien de hashtags devrais-je utiliser dans mes publications ?<\/em><\/strong><\/strong><\/em><br><br>Vous pouvez inclure jusqu&#8217;\u00e0 30 hashtags dans chaque publication (et jusqu&#8217;\u00e0 10 hashtags dans une Story Instagram). Si vous saisissez plus de hashtags, votre l\u00e9gende ne sera pas publi\u00e9e et vous verrez un espace vide \u00e0 la place de votre l\u00e9gende soigneusement con\u00e7ue, donc choisir 25 \u00e0 30 hashtags est l&#8217;option la plus s\u00fbre.<br><br>En supposant que plus est souvent mieux dans le monde des m\u00e9dias sociaux, devriez-vous utiliser le nombre maximal de hashtags ? Nous ne vous surprendrons pas : oui, mais seulement si vous pouvez trouver 30 hashtags pertinents qui sont li\u00e9s \u00e0 votre cr\u00e9neau. De cette fa\u00e7on, chaque hashtag vous donne l&#8217;opportunit\u00e9 de vous connecter avec de nouveaux abonn\u00e9s potentiels, et chaque hashtag peut faire une \u00e9norme diff\u00e9rence.<em><br><\/em><br><em><strong><strong><em>\u00c0 quelle fr\u00e9quence devrais-je mettre \u00e0 jour mes hashtags ?<\/em><\/strong><\/strong><br><\/em><br>Une fa\u00e7on intelligente de savoir quels hashtags fonctionnent pour vous est de suivre la performance des hashtags (avec l&#8217;outil que nous avons mentionn\u00e9 auparavant) et de noter les hashtags avec lesquels vous atteignez les &#8220;meilleurs messages&#8221;. Ensuite, continuez \u00e0 utiliser ces hashtags et remplacez les autres jusqu&#8217;\u00e0 ce que vos taux d&#8217;engagement s&#8217;am\u00e9liorent \u00e0 nouveau.<br><br><strong><em>Vaut-il la peine d&#8217;ajouter des hashtags \u00e0 des anciennes publications ?<\/em><\/strong><br><br>Lorsque vous ajoutez un hashtag longtemps apr\u00e8s avoir publi\u00e9 une photo ou un Reel, la publication sera ajout\u00e9e au flux de hashtags, mais r\u00e9troactivement. Cela signifie que votre contenu appara\u00eetra dans le flux de hashtags, mais les utilisateurs devront faire d\u00e9filer en arri\u00e8re dans le temps pour le trouver dans cette section.<\/p>\n<\/div><\/div>\n\n\n\n<div class=\"wp-block-uagb-container uagb-block-6a17433f alignfull uagb-is-root-container\"><div class=\"uagb-container-inner-blocks-wrap\">\n<div class=\"wp-block-uagb-call-to-action uagb-block-bd99b62c wp-block-button\"><div class=\"uagb-cta__wrap\"><h3 class=\"uagb-cta__title\">V\u00e9rifier quels sont les hashtags interdits<\/h3><\/div><div class=\"uagb-cta__buttons\"><a href=\"https:\/\/iqhashtags.com\/\" class=\"uagb-cta__button-link-wrapper wp-block-button__link\" target=\"_self\" rel=\"noopener noreferrer\">Aller \u00e0 l&#8217;application<\/a><\/div><\/div>\n<\/div><\/div>\n","protected":false},"excerpt":{"rendered":"","protected":false},"author":1,"featured_media":0,"parent":0,"menu_order":0,"comment_status":"closed","ping_status":"closed","template":"","meta":{"_uag_custom_page_level_css":"","site-sidebar-layout":"default","site-content-layout":"default","ast-global-header-display":"","ast-main-header-display":"","ast-hfb-above-header-display":"","ast-hfb-below-header-display":"","ast-hfb-mobile-header-display":"","site-post-title":"disabled","ast-breadcrumbs-content":"","ast-featured-img":"","footer-sml-layout":"","theme-transparent-header-meta":"","adv-header-id-meta":"","stick-header-meta":"","header-above-stick-meta":"","header-main-stick-meta":"","header-below-stick-meta":"","footnotes":""},"class_list":["post-5","page","type-page","status-publish","hentry"],"uagb_featured_image_src":{"full":false,"thumbnail":false,"medium":false,"medium_large":false,"large":false,"1536x1536":false,"2048x2048":false},"uagb_author_info":{"display_name":"admin","author_link":"https:\/\/meilleurshashtags.fr\/author\/admin\/"},"uagb_comment_info":0,"uagb_excerpt":null,"_links":{"self":[{"href":"https:\/\/meilleurshashtags.fr\/index.php\/wp-json\/wp\/v2\/pages\/5","targetHints":{"allow":["GET"]}}],"collection":[{"href":"https:\/\/meilleurshashtags.fr\/index.php\/wp-json\/wp\/v2\/pages"}],"about":[{"href":"https:\/\/meilleurshashtags.fr\/index.php\/wp-json\/wp\/v2\/types\/page"}],"author":[{"embeddable":true,"href":"https:\/\/meilleurshashtags.fr\/index.php\/wp-json\/wp\/v2\/users\/1"}],"replies":[{"embeddable":true,"href":"https:\/\/meilleurshashtags.fr\/index.php\/wp-json\/wp\/v2\/comments?post=5"}],"version-history":[{"count":6,"href":"https:\/\/meilleurshashtags.fr\/index.php\/wp-json\/wp\/v2\/pages\/5\/revisions"}],"predecessor-version":[{"id":28,"href":"https:\/\/meilleurshashtags.fr\/index.php\/wp-json\/wp\/v2\/pages\/5\/revisions\/28"}],"wp:attachment":[{"href":"https:\/\/meilleurshashtags.fr\/index.php\/wp-json\/wp\/v2\/media?parent=5"}],"curies":[{"name":"wp","href":"https:\/\/api.w.org\/{rel}","templated":true}]}}